{"id":116,"date":"2024-12-22T15:34:04","date_gmt":"2024-12-22T20:34:04","guid":{"rendered":"https:\/\/www.bl3nd-tech.ca\/wordpress\/?page_id=116"},"modified":"2024-12-22T20:06:53","modified_gmt":"2024-12-23T01:06:53","slug":"nous-joindre","status":"publish","type":"page","link":"https:\/\/www.bl3nd-tech.ca\/wordpress\/index.php\/nous-joindre\/","title":{"rendered":"Nous joindre"},"content":{"rendered":"<p><img decoding=\"async\" alt=\"Centre Aline Lebel\" class=\"img_angel\" src=\"https:\/\/www.bl3nd-tech.ca\/wordpress\/wp-content\/themes\/anonymus\/images\/langel.jpg\"><\/p>\n<p><\/p>\n<p class=\"aligncenter-no-block\">\n\t<strong>Ensemble Anonymus<br \/>\n\t310, boulevard Langelier, bureau 128<br \/>\n\tQu\u00e9bec (Qc), Canada G1K 5N3<\/strong>\n<\/p>\n<p class=\"aligncenter-no-block\">\n\t<strong>T\u00e9l\u00e9phone (Qu\u00e9bec) :<\/strong> (418) 649-7141<br \/>\n\t<strong>T\u00e9l\u00e9phone (Montreal) :<\/strong> (514) 954-8507\n<\/p>\n<div class=\"wpforms-container wpforms-container-full wpforms-render-modern\" id=\"wpforms-8\"><form id=\"wpforms-form-8\" class=\"wpforms-validate wpforms-form wpforms-ajax-form\" data-formid=\"8\" method=\"post\" enctype=\"multipart\/form-data\" action=\"\/wordpress\/index.php\/wp-json\/wp\/v2\/pages\/116\" data-token=\"d337cadf6da633df44f1b22798970731\" data-token-time=\"1777266919\"><noscript class=\"wpforms-error-noscript\">Please enable JavaScript in your browser to complete this form.<\/noscript><div class=\"wpforms-hidden\" id=\"wpforms-error-noscript\">Please enable JavaScript in your browser to complete this form.<\/div><div class=\"wpforms-field-container\"><div id=\"wpforms-8-field_1-container\" class=\"wpforms-field wpforms-field-name\" data-field-id=\"1\"><fieldset><legend class=\"wpforms-field-label\">Name <span class=\"wpforms-required-label\" aria-hidden=\"true\">*<\/span><\/legend><div class=\"wpforms-field-row wpforms-field-medium\"><div class=\"wpforms-field-row-block wpforms-first wpforms-one-half\"><input type=\"text\" id=\"wpforms-8-field_1\" class=\"wpforms-field-name-first wpforms-field-required\" name=\"wpforms[fields][1][first]\" aria-errormessage=\"wpforms-8-field_1-error\" required><label for=\"wpforms-8-field_1\" class=\"wpforms-field-sublabel after\">First<\/label><\/div><div class=\"wpforms-field-row-block wpforms-one-half\"><input type=\"text\" id=\"wpforms-8-field_1-last\" class=\"wpforms-field-name-last wpforms-field-required\" name=\"wpforms[fields][1][last]\" aria-errormessage=\"wpforms-8-field_1-last-error\" required><label for=\"wpforms-8-field_1-last\" class=\"wpforms-field-sublabel after\">Last<\/label><\/div><\/div><\/fieldset><\/div><div id=\"wpforms-8-field_2-container\" class=\"wpforms-field wpforms-field-email\" data-field-id=\"2\"><label class=\"wpforms-field-label\" for=\"wpforms-8-field_2\">Email <span class=\"wpforms-required-label\" aria-hidden=\"true\">*<\/span><\/label><input type=\"email\" id=\"wpforms-8-field_2\" class=\"wpforms-field-medium wpforms-field-required\" name=\"wpforms[fields][2]\" spellcheck=\"false\" aria-errormessage=\"wpforms-8-field_2-error\" required><\/div><div id=\"wpforms-8-field_3-container\" class=\"wpforms-field wpforms-field-textarea\" data-field-id=\"3\"><label class=\"wpforms-field-label\" for=\"wpforms-8-field_3\">Comment or Message<\/label><textarea id=\"wpforms-8-field_3\" class=\"wpforms-field-medium\" name=\"wpforms[fields][3]\" aria-errormessage=\"wpforms-8-field_3-error\" ><\/textarea><\/div><\/div><!-- .wpforms-field-container --><div class=\"wpforms-submit-container\" ><input type=\"hidden\" name=\"wpforms[id]\" value=\"8\"><input type=\"hidden\" name=\"page_title\" value=\"\"><input type=\"hidden\" name=\"page_url\" value=\"https:\/\/www.bl3nd-tech.ca\/wordpress\/index.php\/wp-json\/wp\/v2\/pages\/116\"><button type=\"submit\" name=\"wpforms[submit]\" id=\"wpforms-submit-8\" class=\"wpforms-submit\" data-alt-text=\"Sending...\" data-submit-text=\"Submit\" aria-live=\"assertive\" value=\"wpforms-submit\">Submit<\/button><img loading=\"lazy\" decoding=\"async\" src=\"https:\/\/www.bl3nd-tech.ca\/wordpress\/wp-content\/plugins\/wpforms-lite\/assets\/images\/submit-spin.svg\" class=\"wpforms-submit-spinner\" style=\"display: none;\" width=\"26\" height=\"26\" alt=\"Loading\"><\/div><\/form><\/div>  <!-- .wpforms-container -->\n<p class=\"aligncenter-no-block\">Vous pouvez nous laisser un message en utilisant le formulaire de contact ci-haut.<\/p>\n","protected":false},"excerpt":{"rendered":"<p>Ensemble Anonymus 310, boulevard Langelier, bureau 128 Qu\u00e9bec (Qc), Canada G1K 5N3 T\u00e9l\u00e9phone (Qu\u00e9bec) : (418) 649-7141 T\u00e9l\u00e9phone (Montreal) : (514) 954-8507 Vous pouvez nous laisser un message en utilisant le formulaire de contact ci-haut.<\/p>\n","protected":false},"author":1,"featured_media":0,"parent":0,"menu_order":0,"comment_status":"closed","ping_status":"closed","template":"","meta":{"footnotes":""},"class_list":["post-116","page","type-page","status-publish","hentry"],"_links":{"self":[{"href":"https:\/\/www.bl3nd-tech.ca\/wordpress\/index.php\/wp-json\/wp\/v2\/pages\/116","targetHints":{"allow":["GET"]}}],"collection":[{"href":"https:\/\/www.bl3nd-tech.ca\/wordpress\/index.php\/wp-json\/wp\/v2\/pages"}],"about":[{"href":"https:\/\/www.bl3nd-tech.ca\/wordpress\/index.php\/wp-json\/wp\/v2\/types\/page"}],"author":[{"embeddable":true,"href":"https:\/\/www.bl3nd-tech.ca\/wordpress\/index.php\/wp-json\/wp\/v2\/users\/1"}],"replies":[{"embeddable":true,"href":"https:\/\/www.bl3nd-tech.ca\/wordpress\/index.php\/wp-json\/wp\/v2\/comments?post=116"}],"version-history":[{"count":5,"href":"https:\/\/www.bl3nd-tech.ca\/wordpress\/index.php\/wp-json\/wp\/v2\/pages\/116\/revisions"}],"predecessor-version":[{"id":133,"href":"https:\/\/www.bl3nd-tech.ca\/wordpress\/index.php\/wp-json\/wp\/v2\/pages\/116\/revisions\/133"}],"wp:attachment":[{"href":"https:\/\/www.bl3nd-tech.ca\/wordpress\/index.php\/wp-json\/wp\/v2\/media?parent=116"}],"curies":[{"name":"wp","href":"https:\/\/api.w.org\/{rel}","templated":true}]}}